{"id":7163,"date":"2015-12-22T12:53:19","date_gmt":"2015-12-22T12:53:19","guid":{"rendered":"http:\/\/prestazilla.org\/dev2\/autozone\/?page_id=2"},"modified":"2020-11-23T16:41:45","modified_gmt":"2020-11-23T15:41:45","slug":"sample-page","status":"publish","type":"page","link":"https:\/\/preprod.kulture-jeep.com\/Vlog\/","title":{"rendered":"Accueil"},"content":{"rendered":"<p>[vc_row full_width=\u00a0\u00bbstretch_row_content_no_spaces\u00a0\u00bb pdecor=\u00a0\u00bbmain-slider\u00a0\u00bb][vc_column][rev_slider_vc alias=\u00a0\u00bbtest\u00a0\u00bb][\/vc_column][\/vc_row][vc_row full_width=\u00a0\u00bbstretch_row\u00a0\u00bb parallax=\u00a0\u00bbcontent-moving\u00a0\u00bb parallax_image=\u00a0\u00bb125&Prime; ppadding=\u00a0\u00bbvc_row-padding-bottom\u00a0\u00bb css=\u00a0\u00bb.vc_custom_1504789295189{background-color: #F5F5F5 !important;}\u00a0\u00bb][vc_column][vc_row_inner][vc_column_inner][section_banner title=\u00a0\u00bbKulture JEEP\u00a0\u00bb adv_title=\u00a0\u00bbBIENVENUE SUR LE BLOG DE \u00a0\u00bb use_decor=\u00a0\u00bbtrue\u00a0\u00bb image1=\u00a0\u00bb8253&Prime; img_text1=\u00a0\u00bbSp\u00e9cialis\u00e9 JEEP\u00a0\u00bb link1=\u00a0\u00bburl:http%3A%2F%2Fwww.kulture-jeep.com%2FVlog%2F|||\u00a0\u00bb image2=\u00a0\u00bb8254&Prime; img_text2=\u00a0\u00bbSupport gratuit\u00a0\u00bb link2=\u00a0\u00bburl:http%3A%2F%2Fwww.kulture-jeep.com%2FVlog%2F|||\u00a0\u00bb image3=\u00a0\u00bb8262&Prime; img_text3=\u00a0\u00bbVente de v\u00e9hicule\u00a0\u00bb link3=\u00a0\u00bburl:http%3A%2F%2Fwww.kulture-jeep.com%2FVlog%2Findex.php%2Fvente%2F|||\u00a0\u00bb image4=\u00a0\u00bb8263&Prime; img_text4=\u00a0\u00bbPr\u00e9paration\u00a0\u00bb link4=\u00a0\u00bburl:www.kulture-jeep.com\/Vlog\/index.php\/category\/preparation\/|||\u00a0\u00bb]Le site sp\u00e9cialis\u00e9 pour les voitures JEEP[\/section_banner][\/vc_column_inner][\/vc_row_inner][vc_row_inner][vc_column_inner width=\u00a0\u00bb1\/2&Prime; css=\u00a0\u00bb.vc_custom_1453295995187{padding-top: 12px !important;}\u00a0\u00bb][vc_column_text]Kulture JEEP vous propose un site d\u00e9di\u00e9 aux v\u00e9hicules JEEP en France. Vous pourrez y trouver des articles sur la marque JEEP, des nouvelles fraiches du constructeur, mais aussi nos pr\u00e9parations dans nos ateliers de la r\u00e9gion Toulousaine.<\/p>\n<p>Vous y trouverez aussi une partie r\u00e9serv\u00e9e \u00e0 la vente de v\u00e9hicule neuf ou d&rsquo;occasion de notre concession. Profitez de notre espace en ligne pour publier vos annonces et trouver plus rapidement un acqu\u00e9reur, pour cela utilisez\u00a0<a href=\"http:\/\/www.kulture-jeep.com\/Vlog\/index.php\/contact\/\">le formulaire de contact<\/a>[\/vc_column_text][\/vc_column_inner][vc_column_inner width=\u00a0\u00bb1\/2&Prime;][vc_column_text]\n            <div class=\"\"><h2 class=\"ui-title-inner\">NOS SERVICES<\/h2><\/div>\n            <div class=\"\"><div class=\"decor-1\"><\/div><\/div>\n<ul class=\"list-mark list-unstyled\">\n<li><i class=\"decor-3 fa fa-caret-right\"><\/i>Vente de pi\u00e8ces d\u00e9tach\u00e9es jeep (Vous les trouverez toutes sur notre site <a href=\"http:\/\/www.kulture-jeep.com\">www.kulture-jeep.com<\/a>)<\/li>\n<li><i class=\"decor-3 fa fa-caret-right\"><\/i>Ventes de v\u00e9hicules neuf et d&rsquo;occasion.<\/li>\n<li><i class=\"decor-3 fa fa-caret-right\"><\/i>Pr\u00e9paration, r\u00e9paration et conseils personnalis\u00e9s dans nos Ateliers.<\/li>\n<\/ul>\n<p>[\/vc_column_text][\/vc_column_inner][\/vc_row_inner][vc_row_inner][vc_column_inner][vc_column_text]<a class=\"brand-link text-center\" href=\"http:\/\/www.kulture-jeep.com\"><i class=\"icon fa fa-caret-right\"><\/i>Voir le site de pi\u00e8ce d\u00e9tach\u00e9es Jeep<i class=\"icon fa fa-caret-left\"><\/i><\/a>[\/vc_column_text][\/vc_column_inner][\/vc_row_inner][\/vc_column][\/vc_row][vc_row full_width=\u00a0\u00bbstretch_row\u00a0\u00bb ppadding=\u00a0\u00bbvc_row-padding-both\u00a0\u00bb ptextcolor=\u00a0\u00bbWhite\u00a0\u00bb pdecor=\u00a0\u00bbboth\u00a0\u00bb css=\u00a0\u00bb.vc_custom_1528290228219{background-image: url(http:\/\/www.kulture-jeep.com\/Vlog\/wp-content\/uploads\/2018\/06\/bc30d265690201.5afcc1894ed64.jpg?id=9055) !important;background-position: center !important;background-repeat: no-repeat !important;background-size: cover !important;}\u00a0\u00bb][vc_column][block_title title=\u00a0\u00bbNos services\u00a0\u00bb]NOUS VOUS OFFRONS UN SUIVI COMPLET POUR VOTRE JEEP[\/block_title][section_services][section_service icon_pixflaticon=\u00a0\u00bbflaticon-repairing4&Prime; title=\u00a0\u00bbR\u00e9paration\u00a0\u00bb title_strong=\u00a0\u00bbPour tous vos v\u00e9hicules JEEP\u00a0\u00bb]Notre \u00e9quipe pr\u00e9sent \u00e0 l&rsquo;atelier est sp\u00e9cialis\u00e9e dans la r\u00e9paration de v\u00e9hicule de marque Jeep[\/section_service][section_service icon_pixflaticon=\u00a0\u00bbflaticon-automobile8&Prime; title=\u00a0\u00bbEntretien\u00a0\u00bb title_strong=\u00a0\u00bbSuivi personnalis\u00e9\u00a0\u00bb]Profitez d&rsquo;un suivi de vos v\u00e9hicules pour un entretien par des experts JEEP.[\/section_service][section_service icon_pixflaticon=\u00a0\u00bbflaticon-transport391&Prime; title=\u00a0\u00bbVente\u00a0\u00bb title_strong=\u00a0\u00bbDE VEHICULE NEUF ET D&rsquo;OCCASION\u00a0\u00bb]Cliquer pour retrouver toutes nos annonces de v\u00e9hicule JEEP.[\/section_service][section_service icon_pixflaticon=\u00a0\u00bbflaticon-wheels10&Prime; title=\u00a0\u00bbVente en ligne\u00a0\u00bb title_strong=\u00a0\u00bbPIECES ET ACCESSOIRES JEEP\u00a0\u00bb]Retrouvez sur notre autre plateforme toutes vos pi\u00e8ces d\u00e9tach\u00e9es JEEP et accessoires livr\u00e9s en quelques jours chez vous.[\/section_service][section_service icon_pixflaticon=\u00a0\u00bbflaticon-automobile5&Prime; title=\u00a0\u00bbPerformance\u00a0\u00bb title_strong=\u00a0\u00bbPREPARATION\u00a0\u00bb]Pour la pr\u00e9paration de vos v\u00e9hicules JEEP et r\u00e9aliser des franchissement \u00e0 couper le souffle ![\/section_service][\/section_services][\/vc_column][\/vc_row][vc_row ppadding=\u00a0\u00bbvc_row-padding-both\u00a0\u00bb ptextcolor=\u00a0\u00bbBlack\u00a0\u00bb][vc_column][block_title title=\u00a0\u00bbNOUVELLES VENTES\u00a0\u00bb titlepos=\u00a0\u00bbtext-left\u00a0\u00bb title_color=\u00a0\u00bb#222222&Prime;]<\/p>\n<h2 style=\"text-align: left;\">Voici les nouveaux v\u00e9hicules JEEP en vente !<\/h2>\n<p>[\/block_title][section_autos slide_type=\u00a0\u00bbidate\u00a0\u00bb count=\u00a0\u00bb5&Prime; carousel=\u00a0\u00bb1&Prime;][section_autos_slide item_1=\u00a0\u00bb9490&Prime; item_2=\u00a0\u00bb9483&Prime; item_3=\u00a0\u00bb9238&Prime; item_4=\u00a0\u00bb9198&Prime; item_5=\u00a0\u00bb9200&Prime;][section_autos_slide item_1=\u00a0\u00bb272&Prime; item_2=\u00a0\u00bb275&Prime; item_3=\u00a0\u00bb281&Prime; item_4=\u00a0\u00bb273&Prime; item_5=\u00a0\u00bb280&Prime;][section_autos_slide][\/section_autos][\/vc_column][\/vc_row][vc_row ppadding=\u00a0\u00bbvc_row-padding-bottom\u00a0\u00bb][vc_column][block_posts title=\u00a0\u00bbDerni\u00e8res News\u00a0\u00bb btn_text=\u00a0\u00bbBlog\u00a0\u00bb link=\u00a0\u00bburl:https%3A%2F%2Fwww.kulture-jeep.com%2FVlog%2Findex.php%2Fcategories%2F|||\u00a0\u00bb skin=\u00a0\u00bbpix-lastnews-dark\u00a0\u00bb]LISEZ les derniers articles de notre blog[\/block_posts][\/vc_column][\/vc_row][vc_row full_width=\u00a0\u00bbstretch_row\u00a0\u00bb parallax=\u00a0\u00bbcontent-moving\u00a0\u00bb parallax_image=\u00a0\u00bb34&Prime; ppadding=\u00a0\u00bbvc_row-padding-both\u00a0\u00bb ptextcolor=\u00a0\u00bbWhite\u00a0\u00bb pdecor=\u00a0\u00bbtop\u00a0\u00bb css=\u00a0\u00bb.vc_custom_1528290442980{background-image: url(http:\/\/www.kulture-jeep.com\/Vlog\/wp-content\/uploads\/2018\/06\/c4538c65690201.5afcc1894f414.jpg?id=9057) !important;background-position: center;background-repeat: no-repeat;background-size:cover !important;}\u00a0\u00bb][vc_column][block_title title=\u00a0\u00bbCE QUE LES CLIENTS EN PENSENT\u00a0\u00bb]Des commentaires de nos diff\u00e9rentes plateformes[\/block_title][section_reviews reviews_per_page=\u00a0\u00bb3&Prime; disable_carousel=\u00a0\u00bb1&Prime;][section_review title=\u00a0\u00bbDes connaisseurs !\u00a0\u00bb image=\u00a0\u00bb87&Prime; name=\u00a0\u00bbAlain G.\u00a0\u00bb position=\u00a0\u00bbClient pr\u00e9paration\u00a0\u00bb]Je suis tr\u00e8s content de ma pr\u00e9pa chez eux. Les connaisseurs sont surpris&#8230; Belle \u00e9quipe de connaisseurs. Je recommande ![\/section_review][section_review title=\u00a0\u00bbDu choix au meilleur prix\u00a0\u00bb image=\u00a0\u00bb88&Prime; name=\u00a0\u00bbGilbert G.\u00a0\u00bb position=\u00a0\u00bbClient E-commerce\u00a0\u00bb]Excellent site pour les jeepers. Du choix, des prix tout est bon.[\/section_review][section_review title=\u00a0\u00bbConseils &amp; Comp\u00e9tences\u00a0\u00bb image=\u00a0\u00bb89&Prime; name=\u00a0\u00bbSylvain D\u00a0\u00bb position=\u00a0\u00bbClient E-commerce\u00a0\u00bb]Vraiment de bonnes personnes \u00e0 l \u00e9coute et de bons conseils. totalement satisfait . Je sais maintenant ou m&rsquo;adresser pour trouver la comp\u00e9tence .[\/section_review][\/section_reviews][\/vc_column][\/vc_row]<\/p>\n","protected":false},"excerpt":{"rendered":"<p>[vc_row full_width=\u00a0\u00bbstretch_row_content_no_spaces\u00a0\u00bb pdecor=\u00a0\u00bbmain-slider\u00a0\u00bb][vc_column][rev_slider_vc alias=\u00a0\u00bbtest\u00a0\u00bb][\/vc_column][\/vc_row][vc_row full_width=\u00a0\u00bbstretch_row\u00a0\u00bb parallax=\u00a0\u00bbcontent-moving\u00a0\u00bb parallax_image=\u00a0\u00bb125&Prime; ppadding=\u00a0\u00bbvc_row-padding-bottom\u00a0\u00bb css=\u00a0\u00bb.vc_custom_1504789295189{background-color: #F5F5F5 !important;}\u00a0\u00bb][vc_column][vc_row_inner][vc_column_inner][section_banner title=\u00a0\u00bbKulture JEEP\u00a0\u00bb adv_title=\u00a0\u00bbBIENVENUE SUR LE BLOG DE \u00a0\u00bb use_decor=\u00a0\u00bbtrue\u00a0\u00bb image1=\u00a0\u00bb8253&Prime; img_text1=\u00a0\u00bbSp\u00e9cialis\u00e9 JEEP\u00a0\u00bb link1=\u00a0\u00bburl:http%3A%2F%2Fwww.kulture-jeep.com%2FVlog%2F|||\u00a0\u00bb image2=\u00a0\u00bb8254&Prime; img_text2=\u00a0\u00bbSupport gratuit\u00a0\u00bb link2=\u00a0\u00bburl:http%3A%2F%2Fwww.kulture-jeep.com%2FVlog%2F|||\u00a0\u00bb image3=\u00a0\u00bb8262&Prime; img_text3=\u00a0\u00bbVente de v\u00e9hicule\u00a0\u00bb link3=\u00a0\u00bburl:http%3A%2F%2Fwww.kulture-jeep.com%2FVlog%2Findex.php%2Fvente%2F|||\u00a0\u00bb image4=\u00a0\u00bb8263&Prime; img_text4=\u00a0\u00bbPr\u00e9paration\u00a0\u00bb link4=\u00a0\u00bburl:www.kulture-jeep.com\/Vlog\/index.php\/category\/preparation\/|||\u00a0\u00bb]Le site sp\u00e9cialis\u00e9 pour les voitures JEEP[\/section_banner][\/vc_column_inner][\/vc_row_inner][vc_row_inner][vc_column_inner width=\u00a0\u00bb1\/2&Prime; css=\u00a0\u00bb.vc_custom_1453295995187{padding-top: 12px !important;}\u00a0\u00bb][vc_column_text]Kulture JEEP vous propose un site d\u00e9di\u00e9 aux v\u00e9hicules JEEP [&hellip;]<\/p>\n","protected":false},"author":4,"featured_media":0,"parent":0,"menu_order":0,"comment_status":"closed","ping_status":"open","template":"page-home.php","meta":{"_seopress_robots_primary_cat":"","_seopress_titles_title":"Kulture Jeep - Le temple de la Jeep","_seopress_titles_desc":"Kulture Jeep vous propose de rentrer dans l&#039;univers Jeep avec une boutique en ligne pour trouver toutes vos pi\u00e8ces d\u00e9tach\u00e9es Jeep. Un blog, un forum...","_seopress_robots_index":""},"_links":{"self":[{"href":"https:\/\/preprod.kulture-jeep.com\/Vlog\/index.php\/wp-json\/wp\/v2\/pages\/7163"}],"collection":[{"href":"https:\/\/preprod.kulture-jeep.com\/Vlog\/index.php\/wp-json\/wp\/v2\/pages"}],"about":[{"href":"https:\/\/preprod.kulture-jeep.com\/Vlog\/index.php\/wp-json\/wp\/v2\/types\/page"}],"author":[{"embeddable":true,"href":"https:\/\/preprod.kulture-jeep.com\/Vlog\/index.php\/wp-json\/wp\/v2\/users\/4"}],"replies":[{"embeddable":true,"href":"https:\/\/preprod.kulture-jeep.com\/Vlog\/index.php\/wp-json\/wp\/v2\/comments?post=7163"}],"version-history":[{"count":64,"href":"https:\/\/preprod.kulture-jeep.com\/Vlog\/index.php\/wp-json\/wp\/v2\/pages\/7163\/revisions"}],"predecessor-version":[{"id":11031,"href":"https:\/\/preprod.kulture-jeep.com\/Vlog\/index.php\/wp-json\/wp\/v2\/pages\/7163\/revisions\/11031"}],"wp:attachment":[{"href":"https:\/\/preprod.kulture-jeep.com\/Vlog\/index.php\/wp-json\/wp\/v2\/media?parent=7163"}],"curies":[{"name":"wp","href":"https:\/\/api.w.org\/{rel}","templated":true}]}}