{"id":4815,"date":"2016-08-25T09:37:54","date_gmt":"2016-08-25T09:37:54","guid":{"rendered":"http:\/\/pro-theme.com\/wordpress\/autozone\/?page_id=4815"},"modified":"2018-10-12T12:17:34","modified_gmt":"2018-10-12T10:17:34","slug":"categories","status":"publish","type":"page","link":"https:\/\/preprod.kulture-jeep.com\/Vlog\/index.php\/categories\/","title":{"rendered":"Cat\u00e9gorie du blog"},"content":{"rendered":"<p>[vc_row css=\u00a0\u00bb.vc_custom_1455806008162{margin-top: 10px !important;}\u00a0\u00bb][vc_column][vc_basic_grid post_type=\u00a0\u00bbpost\u00a0\u00bb max_items=\u00a0\u00bb99&Prime; style=\u00a0\u00bblazy\u00a0\u00bb items_per_page=\u00a0\u00bb6&Prime; show_filter=\u00a0\u00bbyes\u00a0\u00bb item=\u00a0\u00bbmasonryGrid_FadeIn\u00a0\u00bb initial_loading_animation=\u00a0\u00bbbounceIn\u00a0\u00bb grid_id=\u00a0\u00bbvc_gid:1473512528735-db0fe310-da7e-9&Prime; filter_source=\u00a0\u00bbcategory\u00a0\u00bb][\/vc_column][\/vc_row]<\/p>\n","protected":false},"excerpt":{"rendered":"<p>[vc_row css=\u00a0\u00bb.vc_custom_1455806008162{margin-top: 10px !important;}\u00a0\u00bb][vc_column][vc_basic_grid post_type=\u00a0\u00bbpost\u00a0\u00bb max_items=\u00a0\u00bb99&Prime; style=\u00a0\u00bblazy\u00a0\u00bb items_per_page=\u00a0\u00bb6&Prime; show_filter=\u00a0\u00bbyes\u00a0\u00bb item=\u00a0\u00bbmasonryGrid_FadeIn\u00a0\u00bb initial_loading_animation=\u00a0\u00bbbounceIn\u00a0\u00bb grid_id=\u00a0\u00bbvc_gid:1473512528735-db0fe310-da7e-9&Prime; filter_source=\u00a0\u00bbcategory\u00a0\u00bb][\/vc_column][\/vc_row]<\/p>\n","protected":false},"author":4,"featured_media":9051,"parent":0,"menu_order":0,"comment_status":"closed","ping_status":"closed","template":"","meta":{"_seopress_robots_primary_cat":"","_seopress_titles_title":"Blog Jeep toutes les cat\u00e9gories","_seopress_titles_desc":"Retrouvez toutes les cat\u00e9gories de notre blog sur cette page. De la pr\u00e9paration, les nouvelles dans le monde de la Jeep, les nouvelles de la marque...","_seopress_robots_index":""},"_links":{"self":[{"href":"https:\/\/preprod.kulture-jeep.com\/Vlog\/index.php\/wp-json\/wp\/v2\/pages\/4815"}],"collection":[{"href":"https:\/\/preprod.kulture-jeep.com\/Vlog\/index.php\/wp-json\/wp\/v2\/pages"}],"about":[{"href":"https:\/\/preprod.kulture-jeep.com\/Vlog\/index.php\/wp-json\/wp\/v2\/types\/page"}],"author":[{"embeddable":true,"href":"https:\/\/preprod.kulture-jeep.com\/Vlog\/index.php\/wp-json\/wp\/v2\/users\/4"}],"replies":[{"embeddable":true,"href":"https:\/\/preprod.kulture-jeep.com\/Vlog\/index.php\/wp-json\/wp\/v2\/comments?post=4815"}],"version-history":[{"count":1,"href":"https:\/\/preprod.kulture-jeep.com\/Vlog\/index.php\/wp-json\/wp\/v2\/pages\/4815\/revisions"}],"predecessor-version":[{"id":8975,"href":"https:\/\/preprod.kulture-jeep.com\/Vlog\/index.php\/wp-json\/wp\/v2\/pages\/4815\/revisions\/8975"}],"wp:featuredmedia":[{"embeddable":true,"href":"https:\/\/preprod.kulture-jeep.com\/Vlog\/index.php\/wp-json\/wp\/v2\/media\/9051"}],"wp:attachment":[{"href":"https:\/\/preprod.kulture-jeep.com\/Vlog\/index.php\/wp-json\/wp\/v2\/media?parent=4815"}],"curies":[{"name":"wp","href":"https:\/\/api.w.org\/{rel}","templated":true}]}}